{"id":2873,"date":"2025-09-17T05:00:26","date_gmt":"2025-09-17T05:00:26","guid":{"rendered":"https:\/\/www.ginettelosson.fr\/?page_id=2873"},"modified":"2025-12-18T11:27:55","modified_gmt":"2025-12-18T11:27:55","slug":"atelier-libre","status":"publish","type":"page","link":"https:\/\/www.ginettelosson.fr\/index.php\/ateliers\/atelier-libre\/","title":{"rendered":"Atelier libre"},"content":{"rendered":"<p style=\"text-align: center;\"><span style=\"font-size: 24pt; color: #800080;\"><em><strong>Atelier libre<\/strong><\/em><\/span><\/p>\n<p>&nbsp;<\/p>\n<p style=\"text-align: center;\"><a href=\"https:\/\/www.ginettelosson.fr\/wp-content\/uploads\/2025\/09\/atelier-creatif-1.jpg\"><img loading=\"lazy\" decoding=\"async\" class=\"aligncenter size-medium wp-image-2890\" src=\"https:\/\/www.ginettelosson.fr\/wp-content\/uploads\/2025\/09\/atelier-creatif-1-226x300.jpg\" alt=\"\" width=\"226\" height=\"300\" srcset=\"https:\/\/www.ginettelosson.fr\/wp-content\/uploads\/2025\/09\/atelier-creatif-1-226x300.jpg 226w, https:\/\/www.ginettelosson.fr\/wp-content\/uploads\/2025\/09\/atelier-creatif-1-773x1024.jpg 773w, https:\/\/www.ginettelosson.fr\/wp-content\/uploads\/2025\/09\/atelier-creatif-1-768x1017.jpg 768w, https:\/\/www.ginettelosson.fr\/wp-content\/uploads\/2025\/09\/atelier-creatif-1-600x795.jpg 600w, https:\/\/www.ginettelosson.fr\/wp-content\/uploads\/2025\/09\/atelier-creatif-1.jpg 1109w\" sizes=\"auto, (max-width: 226px) 100vw, 226px\" \/><\/a><\/p>\n<p>&nbsp;<\/p>\n<p style=\"text-align: center;\"><em><span style=\"font-size: 14pt; color: #008000;\">C&rsquo;est un atelier o\u00f9 on fait ce qu&rsquo;on veut, <\/span><\/em><\/p>\n<p style=\"text-align: center;\"><em><span style=\"font-size: 14pt; color: #008000;\">mais surtout <\/span><\/em><em><span style=\"font-size: 14pt; color: #008000;\">&#8230; <strong>en autonomie<\/strong> et seul dans son choix. <\/span><\/em><\/p>\n<p style=\"text-align: center;\"><em><span style=\"font-size: 14pt; color: #008000;\">On apporte son mat\u00e9riel et <strong>on s&rsquo;exprime dans une cr\u00e9ation<\/strong> avec des mat\u00e9riaux vari\u00e9s.<\/span><\/em><\/p>\n<p style=\"text-align: center;\"><em><span style=\"font-size: 14pt; color: #008000;\">On est au sein d&rsquo;un <strong>groupe<\/strong> mais en ind\u00e9pendance. <\/span><\/em><\/p>\n<p style=\"text-align: center;\"><em><span style=\"font-size: 14pt; color: #008000;\">On choisit un domaine o\u00f9 on a d\u00e9j\u00e0 une certaine ma\u00eetrise ou qu&rsquo;on a exp\u00e9riment\u00e9,<br \/>\n<\/span><\/em><\/p>\n<p style=\"text-align: center;\"><em><span style=\"font-size: 14pt; color: #008000;\">mais on peut aussi \u00a0\u00bbessayer\u00a0\u00bb une nouveaut\u00e9, <\/span><\/em><\/p>\n<p style=\"text-align: center;\"><em><span style=\"font-size: 14pt; color: #008000;\">dans la mesure o\u00f9 on a travaill\u00e9 le sujet et apport\u00e9 le n\u00e9cessaire. <\/span><\/em><\/p>\n<p style=\"text-align: center;\"><em><span style=\"font-size: 14pt; color: #008000;\">C&rsquo;est int\u00e9ressant d&rsquo;avoir une activit\u00e9 <strong>diff\u00e9rente<\/strong> de celle des autres <\/span><\/em><\/p>\n<p style=\"text-align: center;\"><em><span style=\"font-size: 14pt; color: #008000;\">pour <strong>d\u00e9velopper la confiance en soi <\/strong>en allant chercher ses propres ressources. <\/span><\/em><\/p>\n<p style=\"text-align: center;\"><em><span style=\"font-size: 14pt; color: #008000;\">L&rsquo;espace est partag\u00e9 pour plus de convivialit\u00e9 <\/span><\/em><\/p>\n<p style=\"text-align: center;\"><em><span style=\"font-size: 14pt; color: #008000;\">et de stimulation sous le regard des autres.<\/span><\/em><\/p>\n<p style=\"text-align: center;\"><em><span style=\"font-size: 14pt; color: #008000;\">Des th\u00e8mes occasionnels pourront \u00eatre propos\u00e9s pour une coh\u00e9sion du groupe.<br \/>\n<\/span><\/em><\/p>\n<p style=\"text-align: center;\"><em><span style=\"font-size: 14pt; color: #008000;\"><span style=\"color: #800080;\"><strong><span style=\"font-size: 24pt;\"><span style=\"font-size: 18pt;\">***<\/span><\/span><\/strong><\/span><\/span><\/em><\/p>\n<p><em><span style=\"font-size: 14pt; color: #008000;\"><strong><span style=\"color: #800080;\">Quels domaines possibles ? <\/span><\/strong><\/span><\/em><\/p>\n<p><em><span style=\"font-size: 14pt; color: #008000;\">\u00a0\u00a0\u00a0\u00a0 un choix qui se veut ouvert pour <strong>ne pas empi\u00e9ter sur celui des autres<\/strong> &#8230;<\/span><\/em><\/p>\n<p style=\"text-align: center;\"><em><span style=\"font-size: 14pt; color: #008000;\">po\u00e9sie de papier <\/span><\/em><\/p>\n<p style=\"text-align: center;\"><em><span style=\"font-size: 14pt; color: #008000;\">mosa\u00efque <\/span><\/em><\/p>\n<p style=\"text-align: center;\"><em><span style=\"font-size: 14pt; color: #008000;\">relookage petits objets en bois <\/span><\/em><\/p>\n<p style=\"text-align: center;\"><em><span style=\"font-size: 14pt; color: #008000;\">galets peints <\/span><\/em><\/p>\n<p style=\"text-align: center;\"><em><span style=\"font-size: 14pt; color: #008000;\">tissages <\/span><\/em><\/p>\n<p style=\"text-align: center;\"><em><span style=\"font-size: 14pt; color: #008000;\">origami <\/span><\/em><\/p>\n<p style=\"text-align: center;\"><em><span style=\"font-size: 14pt; color: #008000;\">bijoux : p\u00e2tes fimo ou autodurcissante, perles, feutrine &#8230; <\/span><\/em><\/p>\n<p style=\"text-align: center;\"><em><span style=\"font-size: 14pt; color: #008000;\">jasmonite <\/span><\/em><\/p>\n<p style=\"text-align: center;\"><em><span style=\"font-size: 14pt; color: #008000;\">cartonnage <\/span><\/em><\/p>\n<p style=\"text-align: center;\"><em><span style=\"font-size: 14pt; color: #008000;\">raphia <\/span><\/em><\/p>\n<p style=\"text-align: center;\"><em><span style=\"font-size: 14pt; color: #008000;\"><strong>&#8230;..<\/strong><br \/>\n<\/span><\/em><\/p>\n<p style=\"text-align: center;\"><em><span style=\"font-size: 14pt; color: #008000;\"><span style=\"font-size: 18pt;\"><strong><span style=\"color: #800080;\">***<\/span><\/strong><\/span><\/span><\/em><\/p>\n<p style=\"text-align: left;\"><em><span style=\"font-size: 14pt; color: #008000;\"><span style=\"color: #800080;\"><strong>dimension spirituelle :<\/strong><\/span><br \/>\n<\/span><\/em><\/p>\n<p style=\"text-align: left;\"><em><span style=\"font-size: 14pt; color: #008000;\">\u00a0\u00a0\u00a0\u00a0 Chaque cr\u00e9ation <span style=\"text-decoration: underline;\">termin\u00e9e<\/span> est accompagn\u00e9e d&rsquo;un <strong>message de M\u00e9decine Symbolique<\/strong>. <\/span><\/em><\/p>\n<p style=\"text-align: left;\"><em><span style=\"font-size: 14pt; color: #008000;\">\u00a0\u00a0\u00a0\u00a0 Pour le groupe, un message collectif chaque fin de trimestre : No\u00ebl, P\u00e2ques, \u00e9t\u00e9. <\/span><\/em><\/p>\n<p style=\"text-align: left;\"><em><span style=\"font-size: 14pt; color: #008000;\">\u00a0\u00a0\u00a0\u00a0 Un essai de participer \u00e0 une manifestation d&rsquo;artisanat cr\u00e9atif.<\/span><\/em><\/p>\n<p style=\"text-align: center;\"><em><span style=\"font-size: 14pt; color: #008000;\"><span style=\"font-size: 18pt; color: #800080;\"><strong>***<\/strong><\/span><\/span><\/em><\/p>\n<p style=\"text-align: left;\"><em><span style=\"font-size: 14pt; color: #008000;\"><span style=\"color: #800080;\"><strong>Tarif : <\/strong><\/span><\/span><\/em><\/p>\n<p style=\"text-align: left;\"><em><span style=\"font-size: 14pt; color: #008000;\"><span style=\"color: #800080;\"><strong><span style=\"color: #008000;\">\u00a0\u00a0\u00a0\u00a0 10\u20ac <\/span><\/strong><span style=\"color: #008000;\">par personne qui comprend l&rsquo;accueil sur le lieu, les boissons, les g\u00e2teaux, les messages.<\/span><\/span><\/span><\/em><\/p>\n<p style=\"text-align: center;\"><em><span style=\"font-size: 14pt; color: #008000;\"><span style=\"color: #800080;\"><span style=\"color: #008000;\"><span style=\"font-size: 18pt; color: #800080;\"><strong>***<\/strong><\/span><\/span><\/span><\/span><\/em><\/p>\n<p style=\"text-align: left;\"><em><span style=\"font-size: 14pt; color: #008000;\"><span style=\"color: #800080;\"><span style=\"color: #008000;\"><span style=\"color: #800080;\"><strong>O\u00f9 ? Quand ? <\/strong><\/span><\/span><\/span><\/span><\/em><\/p>\n<p style=\"text-align: left;\"><em><span style=\"font-size: 14pt; color: #008000;\"><span style=\"color: #800080;\"><span style=\"color: #008000;\"><span style=\"color: #800080;\"><span style=\"color: #008000;\">\u00a0\u00a0\u00a0\u00a0 348, route de France, 47140 Trentels <\/span><\/span><\/span><\/span><\/span><\/em><\/p>\n<p style=\"text-align: left;\"><em><span style=\"font-size: 14pt; color: #008000;\"><span style=\"color: #800080;\"><span style=\"color: #008000;\"><span style=\"color: #800080;\"><span style=\"color: #008000;\">\u00a0\u00a0\u00a0\u00a0 un lundi par quinzaine de 14h \u00e0 17h. Dates pour ce <strong>1er trimestre 2026 <\/strong>: <\/span><\/span><\/span><\/span><\/span><\/em><\/p>\n<p style=\"text-align: center;\"><em><span style=\"font-size: 14pt; color: #008000;\"><span style=\"color: #800080;\"><span style=\"color: #008000;\"><span style=\"color: #800080;\"><span style=\"color: #008000;\">12 janvier <\/span><\/span><\/span><\/span><\/span><\/em><\/p>\n<p style=\"text-align: center;\"><em><span style=\"font-size: 14pt; color: #008000;\"><span style=\"color: #800080;\"><span style=\"color: #008000;\"><span style=\"color: #800080;\"><span style=\"color: #008000;\">26 janvier <\/span><\/span><\/span><\/span><\/span><\/em><\/p>\n<p style=\"text-align: center;\"><em><span style=\"font-size: 14pt; color: #008000;\"><span style=\"color: #800080;\"><span style=\"color: #008000;\"><span style=\"color: #800080;\"><span style=\"color: #008000;\">9 f\u00e9vrier<\/span><\/span><\/span><\/span><\/span><\/em><\/p>\n<p style=\"text-align: center;\"><em><span style=\"font-size: 14pt; color: #008000;\"><span style=\"color: #800080;\"><span style=\"color: #008000;\"><span style=\"color: #800080;\"><span style=\"color: #008000;\"> 23 f\u00e9vrier <\/span><\/span><\/span><\/span><\/span><\/em><\/p>\n<p style=\"text-align: center;\"><em><span style=\"font-size: 14pt; color: #008000;\"><span style=\"color: #800080;\"><span style=\"color: #008000;\"><span style=\"color: #800080;\"><span style=\"color: #008000;\">9 mars <\/span><\/span><\/span><\/span><\/span><\/em><\/p>\n<p style=\"text-align: center;\"><em><span style=\"font-size: 14pt; color: #008000;\"><span style=\"color: #800080;\"><span style=\"color: #008000;\"><span style=\"color: #800080;\"><span style=\"color: #008000;\">23 mars<br \/>\n<\/span><\/span><\/span><\/span><\/span><\/em><\/p>\n<p style=\"text-align: center;\">\n<p style=\"text-align: center;\"><em><span style=\"font-size: 14pt; color: #008000;\"><span style=\"color: #800080;\"><span style=\"color: #008000;\"><span style=\"color: #800080;\"><span style=\"color: #008000;\"><span style=\"font-size: 18pt; color: #800080;\"><strong>***<\/strong><\/span><\/span><\/span><\/span><\/span><br \/>\n<\/span><\/em><\/p>\n<p style=\"text-align: center;\"><em><span style=\"font-size: 14pt; color: #008000;\">\u00a0<\/span><\/em><\/p>\n<p>&nbsp;<\/p>\n","protected":false},"excerpt":{"rendered":"<p>Atelier libre &nbsp; &nbsp; C&rsquo;est un atelier o\u00f9 on fait ce qu&rsquo;on veut, mais surtout &#8230; en autonomie et seul dans son choix. On apporte son mat\u00e9riel et on s&rsquo;exprime&#8230;<\/p>\n","protected":false},"author":1,"featured_media":0,"parent":2357,"menu_order":0,"comment_status":"closed","ping_status":"closed","template":"","meta":{"footnotes":""},"class_list":["post-2873","page","type-page","status-publish","hentry"],"_links":{"self":[{"href":"https:\/\/www.ginettelosson.fr\/index.php\/wp-json\/wp\/v2\/pages\/2873","targetHints":{"allow":["GET"]}}],"collection":[{"href":"https:\/\/www.ginettelosson.fr\/index.php\/wp-json\/wp\/v2\/pages"}],"about":[{"href":"https:\/\/www.ginettelosson.fr\/index.php\/wp-json\/wp\/v2\/types\/page"}],"author":[{"embeddable":true,"href":"https:\/\/www.ginettelosson.fr\/index.php\/wp-json\/wp\/v2\/users\/1"}],"replies":[{"embeddable":true,"href":"https:\/\/www.ginettelosson.fr\/index.php\/wp-json\/wp\/v2\/comments?post=2873"}],"version-history":[{"count":17,"href":"https:\/\/www.ginettelosson.fr\/index.php\/wp-json\/wp\/v2\/pages\/2873\/revisions"}],"predecessor-version":[{"id":2926,"href":"https:\/\/www.ginettelosson.fr\/index.php\/wp-json\/wp\/v2\/pages\/2873\/revisions\/2926"}],"up":[{"embeddable":true,"href":"https:\/\/www.ginettelosson.fr\/index.php\/wp-json\/wp\/v2\/pages\/2357"}],"wp:attachment":[{"href":"https:\/\/www.ginettelosson.fr\/index.php\/wp-json\/wp\/v2\/media?parent=2873"}],"curies":[{"name":"wp","href":"https:\/\/api.w.org\/{rel}","templated":true}]}}